{"id":2,"date":"2014-04-10T12:58:30","date_gmt":"2014-04-10T12:58:30","guid":{"rendered":"http:\/\/wp12095842.server-he.de\/wordpress\/?page_id=2"},"modified":"2018-08-09T16:39:24","modified_gmt":"2018-08-09T14:39:24","slug":"beispiel-seite","status":"publish","type":"page","link":"https:\/\/implantastisch.de\/?page_id=2","title":{"rendered":"\u00dcber den Autor"},"content":{"rendered":"<p>Am 1. August 2018 habe ich nach mehr als 40-j\u00e4hriger an Taubheit grenzender Schwerh\u00f6rigkeit ein <a href=\"https:\/\/de.wikipedia.org\/wiki\/Cochlea-Implantat\" target=\"_blank\" rel=\"noopener\">Cochlear-Implantat<\/a> erhalten, das mein Leben nachhaltig ver\u00e4ndern wird. In diesem Blog beschreibe ich meine H\u00f6rgeschichte als Information, Inspiration und Motivation f\u00fcr andere H\u00f6rgesch\u00e4digte, deren Freunde und Angeh\u00f6rige, \u00c4rzte, P\u00e4dagogen, Audiologen und alle anderen, die sich f\u00fcr dieses Thema interessieren.<\/p>\n<p>Kontakt bitte an info (at) implantastisch.de<\/p>\n","protected":false},"excerpt":{"rendered":"<p>Am 1. August 2018 habe ich nach mehr als 40-j\u00e4hriger an Taubheit grenzender Schwerh\u00f6rigkeit ein Cochlear-Implantat erhalten, das mein Leben nachhaltig ver\u00e4ndern wird. In diesem Blog beschreibe ich meine H\u00f6rgeschichte als Information, Inspiration und Motivation f\u00fcr andere H\u00f6rgesch\u00e4digte, deren Freunde und Angeh\u00f6rige, \u00c4rzte, P\u00e4dagogen, Audiologen und alle anderen, die sich f\u00fcr dieses Thema interessieren. Kontakt [&hellip;]<\/p>\n","protected":false},"author":2,"featured_media":0,"parent":0,"menu_order":1,"comment_status":"closed","ping_status":"open","template":"","meta":{"footnotes":""},"class_list":["post-2","page","type-page","status-publish","hentry"],"_links":{"self":[{"href":"https:\/\/implantastisch.de\/index.php?rest_route=\/wp\/v2\/pages\/2","targetHints":{"allow":["GET"]}}],"collection":[{"href":"https:\/\/implantastisch.de\/index.php?rest_route=\/wp\/v2\/pages"}],"about":[{"href":"https:\/\/implantastisch.de\/index.php?rest_route=\/wp\/v2\/types\/page"}],"author":[{"embeddable":true,"href":"https:\/\/implantastisch.de\/index.php?rest_route=\/wp\/v2\/users\/2"}],"replies":[{"embeddable":true,"href":"https:\/\/implantastisch.de\/index.php?rest_route=%2Fwp%2Fv2%2Fcomments&post=2"}],"version-history":[{"count":8,"href":"https:\/\/implantastisch.de\/index.php?rest_route=\/wp\/v2\/pages\/2\/revisions"}],"predecessor-version":[{"id":149,"href":"https:\/\/implantastisch.de\/index.php?rest_route=\/wp\/v2\/pages\/2\/revisions\/149"}],"wp:attachment":[{"href":"https:\/\/implantastisch.de\/index.php?rest_route=%2Fwp%2Fv2%2Fmedia&parent=2"}],"curies":[{"name":"wp","href":"https:\/\/api.w.org\/{rel}","templated":true}]}}