{"id":141,"date":"2018-08-09T16:35:29","date_gmt":"2018-08-09T14:35:29","guid":{"rendered":"http:\/\/implantastisch.de\/?page_id=141"},"modified":"2018-08-12T14:38:09","modified_gmt":"2018-08-12T12:38:09","slug":"glossar","status":"publish","type":"page","link":"https:\/\/implantastisch.de\/?page_id=141","title":{"rendered":"Glossar"},"content":{"rendered":"<p>Zum besseren Verst\u00e4ndnis hier eine \u00dcbersicht der h\u00e4ufig vorkommenden Fachbegriffe in diesem Blog:<\/p>\n<p>&nbsp;<\/p>\n<table>\n<tbody>\n<tr>\n<td>Advanced Bionics<\/td>\n<td>Ein bekannter Hersteller von Cochlear-Implantaten<\/td>\n<\/tr>\n<tr>\n<td>Audiogramm<\/td>\n<td>Die grafische Auswertung eines H\u00f6rtests. Zeigt das H\u00f6rverm\u00f6gen an.<\/td>\n<\/tr>\n<tr>\n<td>CI<\/td>\n<td>Die gel\u00e4ufige Abk\u00fcrzung f\u00fcr &#8222;Cochlear-Implantat&#8220;<\/td>\n<\/tr>\n<tr>\n<td>Cochlear<\/td>\n<td>Der gr\u00f6\u00dfte Hersteller von Cochlear-Implantaten<\/td>\n<\/tr>\n<tr>\n<td>EBH<\/td>\n<td>Die ErstBesteH\u00e4lfte<\/td>\n<\/tr>\n<tr>\n<td>Implantat<\/td>\n<td>Der im Kopf platzierte Sender des Cochlear-Implantats. Enth\u00e4lt ein Magnet, damit die Spule am Kopf die T\u00f6ne aus dem Soundprozessor in das Implantat \u00fcbertragen kann<\/td>\n<\/tr>\n<tr>\n<td>Med-El<\/td>\n<td>Hersteller meines Cochlear-Implantats<\/td>\n<\/tr>\n<tr>\n<td>MHH<\/td>\n<td>Medizinische Hochschule Hannover<\/td>\n<\/tr>\n<tr>\n<td>Oticon<\/td>\n<td>Ebenfalls ein Hersteller von Cochlear-Implantaten<\/td>\n<\/tr>\n<tr>\n<td>Spule<\/td>\n<td>\u00dcbertr\u00e4ger vom Soundprozessor zum Implantat unter der Haut. Die Spule wird durch einen Magneten am Kopf fixiert.<\/td>\n<\/tr>\n<tr>\n<td>Soundprozessor<\/td>\n<td>Sieht aus wie ein Hinter-dem-Ohr-H\u00f6rger\u00e4t. Nimmt den Schall auf, codiert ihn und leitet ihn dann zur Spule, die die Signale an das Implantat unter der Haut weitergibt.<\/td>\n<\/tr>\n<\/tbody>\n<\/table>\n","protected":false},"excerpt":{"rendered":"<p>Zum besseren Verst\u00e4ndnis hier eine \u00dcbersicht der h\u00e4ufig vorkommenden Fachbegriffe in diesem Blog: &nbsp; Advanced Bionics Ein bekannter Hersteller von Cochlear-Implantaten Audiogramm Die grafische Auswertung eines H\u00f6rtests. Zeigt das H\u00f6rverm\u00f6gen an. CI Die gel\u00e4ufige Abk\u00fcrzung f\u00fcr &#8222;Cochlear-Implantat&#8220; Cochlear Der gr\u00f6\u00dfte Hersteller von Cochlear-Implantaten EBH Die ErstBesteH\u00e4lfte Implantat Der im Kopf platzierte Sender des Cochlear-Implantats. Enth\u00e4lt [&hellip;]<\/p>\n","protected":false},"author":2,"featured_media":0,"parent":0,"menu_order":4,"comment_status":"closed","ping_status":"closed","template":"","meta":{"footnotes":""},"class_list":["post-141","page","type-page","status-publish","hentry"],"_links":{"self":[{"href":"https:\/\/implantastisch.de\/index.php?rest_route=\/wp\/v2\/pages\/141","targetHints":{"allow":["GET"]}}],"collection":[{"href":"https:\/\/implantastisch.de\/index.php?rest_route=\/wp\/v2\/pages"}],"about":[{"href":"https:\/\/implantastisch.de\/index.php?rest_route=\/wp\/v2\/types\/page"}],"author":[{"embeddable":true,"href":"https:\/\/implantastisch.de\/index.php?rest_route=\/wp\/v2\/users\/2"}],"replies":[{"embeddable":true,"href":"https:\/\/implantastisch.de\/index.php?rest_route=%2Fwp%2Fv2%2Fcomments&post=141"}],"version-history":[{"count":9,"href":"https:\/\/implantastisch.de\/index.php?rest_route=\/wp\/v2\/pages\/141\/revisions"}],"predecessor-version":[{"id":188,"href":"https:\/\/implantastisch.de\/index.php?rest_route=\/wp\/v2\/pages\/141\/revisions\/188"}],"wp:attachment":[{"href":"https:\/\/implantastisch.de\/index.php?rest_route=%2Fwp%2Fv2%2Fmedia&parent=141"}],"curies":[{"name":"wp","href":"https:\/\/api.w.org\/{rel}","templated":true}]}}